Last updated on 2025-04-28 13:53:25 CEST.
Flavor | Version | Tinstall | Tcheck | Ttotal | Status | Flags |
---|---|---|---|---|---|---|
r-devel-linux-x86_64-debian-clang | 0.2-3 | 1.70 | 20.71 | 22.41 | OK | |
r-devel-linux-x86_64-debian-gcc | 0.2-3 | 1.65 | 17.19 | 18.84 | NOTE | |
r-devel-linux-x86_64-fedora-clang | 0.2-3 | 37.68 | OK | |||
r-devel-linux-x86_64-fedora-gcc | 0.2-3 | 34.28 | OK | |||
r-devel-windows-x86_64 | 0.2-3 | 3.00 | 45.00 | 48.00 | OK | |
r-patched-linux-x86_64 | 0.2-3 | 1.84 | 20.50 | 22.34 | OK | |
r-release-linux-x86_64 | 0.2-3 | 1.96 | 20.54 | 22.50 | OK | |
r-release-macos-arm64 | 0.2-3 | 17.00 | OK | |||
r-release-macos-x86_64 | 0.2-3 | 29.00 | OK | |||
r-release-windows-x86_64 | 0.2-3 | 3.00 | 45.00 | 48.00 | OK | |
r-oldrel-macos-arm64 | 0.2-3 | 15.00 | OK | |||
r-oldrel-macos-x86_64 | 0.2-3 | 25.00 | OK | |||
r-oldrel-windows-x86_64 | 0.2-3 | 4.00 | 47.00 | 51.00 | OK |
Version: 0.2-3
Check: CRAN incoming feasibility
Result: NOTE
Maintainer: ‘Marcelino de la Cruz <marcelino.delacruz@urjc.es>’
No Authors@R field in DESCRIPTION.
Please add one, modifying
Authors@R: c(person(given = "Marcelino",
family = "de la Cruz",
role = c("aut", "cre"),
email = "marcelino.delacruz@urjc.es"),
person(given = "Lucia",
family = "DeSoto",
role = "aut"))
as necessary.
Package CITATION file contains call(s) to old-style citEntry(). Please
use bibentry() instead.
Flavor: r-devel-linux-x86_64-debian-gcc