Last updated on 2025-04-28 13:53:24 CEST.
Flavor | Version | Tinstall | Tcheck | Ttotal | Status | Flags |
---|---|---|---|---|---|---|
r-devel-linux-x86_64-debian-clang | 1.0.4 | 5.19 | 176.75 | 181.94 | OK | |
r-devel-linux-x86_64-debian-gcc | 1.0.4 | 3.79 | 118.91 | 122.70 | NOTE | |
r-devel-linux-x86_64-fedora-clang | 1.0.4 | 294.65 | OK | |||
r-devel-linux-x86_64-fedora-gcc | 1.0.4 | 293.88 | OK | |||
r-devel-windows-x86_64 | 1.0.4 | 7.00 | 182.00 | 189.00 | OK | |
r-patched-linux-x86_64 | 1.0.4 | 4.92 | 167.15 | 172.07 | OK | |
r-release-linux-x86_64 | 1.0.4 | 5.24 | 167.18 | 172.42 | OK | |
r-release-macos-arm64 | 1.0.4 | 84.00 | OK | |||
r-release-macos-x86_64 | 1.0.4 | 128.00 | OK | |||
r-release-windows-x86_64 | 1.0.4 | 7.00 | 181.00 | 188.00 | OK | |
r-oldrel-macos-arm64 | 1.0.4 | 102.00 | OK | |||
r-oldrel-macos-x86_64 | 1.0.4 | 152.00 | OK | |||
r-oldrel-windows-x86_64 | 1.0.4 | 9.00 | 242.00 | 251.00 | OK |
Version: 1.0.4
Check: examples
Result: NOTE
Examples with CPU (user + system) or elapsed time > 5s
user system elapsed
plot.gDataMPP 3.842 0.111 5.107
Flavor: r-devel-linux-x86_64-debian-gcc