CRAN Package Check Results for Package robustrao

Last updated on 2025-10-08 17:49:57 CEST.

Flavor Version Tinstall Tcheck Ttotal Status Flags
r-devel-linux-x86_64-debian-clang 1.0-5 3.19 32.35 35.54 NOTE
r-devel-linux-x86_64-debian-gcc 1.0-5 2.36 25.89 28.25 NOTE
r-devel-linux-x86_64-fedora-clang 1.0-5 52.89 OK
r-devel-linux-x86_64-fedora-gcc 1.0-5 50.66 OK
r-devel-windows-x86_64 1.0-5 5.00 53.00 58.00 OK
r-patched-linux-x86_64 1.0-5 3.23 30.56 33.79 OK
r-release-linux-x86_64 1.0-5 3.00 30.80 33.80 OK
r-release-macos-arm64 1.0-5 29.00 OK
r-release-macos-x86_64 1.0-5 47.00 OK
r-release-windows-x86_64 1.0-5 5.00 54.00 59.00 OK
r-oldrel-macos-arm64 1.0-5 22.00 OK
r-oldrel-macos-x86_64 1.0-5 30.00 OK
r-oldrel-windows-x86_64 1.0-5 7.00 59.00 66.00 OK

Check Details

Version: 1.0-5
Check: CRAN incoming feasibility
Result: NOTE Maintainer: ‘Maria del Carmen Calatrava Moreno <mc.calatrava.moreno@gmail.com>’ No Authors@R field in DESCRIPTION. Please add one, modifying Authors@R: c(person(given = c("Maria", "del", "Carmen", "Calatrava"), family = "Moreno", role = c("aut", "cre"), email = "mc.calatrava.moreno@gmail.com"), person(given = "Thomas", family = "Auzinger", role = "aut")) as necessary. Package CITATION file contains call(s) to old-style personList() or as.personList(). Please use c() on person objects instead. Package CITATION file contains call(s) to old-style citEntry(). Please use bibentry() instead. Flavors: r-devel-linux-x86_64-debian-clang, r-devel-linux-x86_64-debian-gcc