CRAN Package Check Results for Package osd

Last updated on 2025-10-08 17:49:53 CEST.

Flavor Version Tinstall Tcheck Ttotal Status Flags
r-devel-linux-x86_64-debian-clang 0.1 2.25 26.64 28.89 NOTE
r-devel-linux-x86_64-debian-gcc 0.1 1.72 21.62 23.34 NOTE
r-devel-linux-x86_64-fedora-clang 0.1 44.85 OK
r-devel-linux-x86_64-fedora-gcc 0.1 40.65 OK
r-devel-windows-x86_64 0.1 4.00 46.00 50.00 OK
r-patched-linux-x86_64 0.1 2.16 25.92 28.08 OK
r-release-linux-x86_64 0.1 2.29 25.64 27.93 OK
r-release-macos-arm64 0.1 21.00 OK
r-release-macos-x86_64 0.1 32.00 OK
r-release-windows-x86_64 0.1 4.00 47.00 51.00 OK
r-oldrel-macos-arm64 0.1 18.00 OK
r-oldrel-macos-x86_64 0.1 26.00 OK
r-oldrel-windows-x86_64 0.1 3.00 51.00 54.00 OK

Check Details

Version: 0.1
Check: CRAN incoming feasibility
Result: NOTE Maintainer: ‘Xavier Domingo-Almenara <xavier.domingo@urv.cat>’ No Authors@R field in DESCRIPTION. Please add one, modifying Authors@R: person(given = "Xavier", family = "Domingo-Almenara", role = c("aut", "cre"), email = "xavier.domingo@urv.cat") as necessary. Flavors: r-devel-linux-x86_64-debian-clang, r-devel-linux-x86_64-debian-gcc