Last updated on 2025-04-28 13:53:14 CEST.
Flavor | Version | Tinstall | Tcheck | Ttotal | Status | Flags |
---|---|---|---|---|---|---|
r-devel-linux-x86_64-debian-clang | 0.1.2 | 9.57 | 92.93 | 102.50 | OK | |
r-devel-linux-x86_64-debian-gcc | 0.1.2 | 7.01 | 72.15 | 79.16 | NOTE | |
r-devel-linux-x86_64-fedora-clang | 0.1.2 | 156.08 | OK | |||
r-devel-linux-x86_64-fedora-gcc | 0.1.2 | 153.52 | OK | |||
r-devel-windows-x86_64 | 0.1.2 | 10.00 | 102.00 | 112.00 | OK | |
r-patched-linux-x86_64 | 0.1.2 | 8.09 | 87.89 | 95.98 | OK | |
r-release-linux-x86_64 | 0.1.2 | 8.33 | 87.41 | 95.74 | OK | |
r-release-macos-arm64 | 0.1.2 | 51.00 | OK | |||
r-release-macos-x86_64 | 0.1.2 | 88.00 | OK | |||
r-release-windows-x86_64 | 0.1.2 | 9.00 | 104.00 | 113.00 | OK | |
r-oldrel-macos-arm64 | 0.1.2 | 49.00 | OK | |||
r-oldrel-macos-x86_64 | 0.1.2 | 87.00 | OK | |||
r-oldrel-windows-x86_64 | 0.1.2 | 13.00 | 124.00 | 137.00 | OK |
Version: 0.1.2
Check: examples
Result: NOTE
Examples with CPU (user + system) or elapsed time > 5s
user system elapsed
mlr3superlearner 5.745 0.324 12.359
predict.mlr3superlearner 5.230 0.248 11.636
Flavor: r-devel-linux-x86_64-debian-gcc