Last updated on 2025-04-28 13:53:09 CEST.
Flavor | Version | Tinstall | Tcheck | Ttotal | Status | Flags |
---|---|---|---|---|---|---|
r-devel-linux-x86_64-debian-clang | 0.1.0 | 4.46 | 42.55 | 47.01 | OK | |
r-devel-linux-x86_64-debian-gcc | 0.1.0 | 3.34 | 34.87 | 38.21 | NOTE | |
r-devel-linux-x86_64-fedora-clang | 0.1.0 | 73.53 | OK | |||
r-devel-linux-x86_64-fedora-gcc | 0.1.0 | 72.21 | OK | |||
r-devel-windows-x86_64 | 0.1.0 | 6.00 | 66.00 | 72.00 | OK | |
r-patched-linux-x86_64 | 0.1.0 | 4.46 | 45.08 | 49.54 | OK | |
r-release-linux-x86_64 | 0.1.0 | 4.67 | 44.12 | 48.79 | OK | |
r-release-macos-arm64 | 0.1.0 | 31.00 | OK | |||
r-release-macos-x86_64 | 0.1.0 | 44.00 | OK | |||
r-release-windows-x86_64 | 0.1.0 | 9.00 | 67.00 | 76.00 | OK | |
r-oldrel-macos-arm64 | 0.1.0 | 26.00 | NOTE | |||
r-oldrel-macos-x86_64 | 0.1.0 | 37.00 | NOTE | |||
r-oldrel-windows-x86_64 | 0.1.0 | 8.00 | 76.00 | 84.00 | NOTE |
Version: 0.1.0
Check: CRAN incoming feasibility
Result: NOTE
Maintainer: ‘Jongbin Jung <me@jongbin.com>’
No Authors@R field in DESCRIPTION.
Please add one, modifying
Authors@R: person(given = "Jongbin",
family = "Jung",
role = c("aut", "cre"),
email = "me@jongbin.com")
as necessary.
Flavor: r-devel-linux-x86_64-debian-gcc
Version: 0.1.0
Check: LazyData
Result: NOTE
'LazyData' is specified without a 'data' directory
Flavors: r-oldrel-macos-arm64, r-oldrel-macos-x86_64, r-oldrel-windows-x86_64