Last updated on 2025-10-08 17:49:44 CEST.
Flavor | Version | Tinstall | Tcheck | Ttotal | Status | Flags |
---|---|---|---|---|---|---|
r-devel-linux-x86_64-debian-clang | 0.1.1 | 4.58 | 43.14 | 47.72 | NOTE | |
r-devel-linux-x86_64-debian-gcc | 0.1.1 | 4.13 | 31.23 | 35.36 | NOTE | |
r-devel-linux-x86_64-fedora-clang | 0.1.1 | 75.88 | NOTE | |||
r-devel-linux-x86_64-fedora-gcc | 0.1.1 | 73.28 | NOTE | |||
r-devel-windows-x86_64 | 0.1.1 | 8.00 | 57.00 | 65.00 | NOTE | |
r-patched-linux-x86_64 | 0.1.1 | 4.44 | 40.10 | 44.54 | NOTE | |
r-release-linux-x86_64 | 0.1.1 | 4.45 | 40.25 | 44.70 | NOTE | |
r-release-macos-arm64 | 0.1.1 | 24.00 | NOTE | |||
r-release-macos-x86_64 | 0.1.1 | 39.00 | NOTE | |||
r-release-windows-x86_64 | 0.1.1 | 7.00 | 56.00 | 63.00 | NOTE | |
r-oldrel-macos-arm64 | 0.1.1 | 20.00 | OK | |||
r-oldrel-macos-x86_64 | 0.1.1 | 32.00 | OK | |||
r-oldrel-windows-x86_64 | 0.1.1 | 10.00 | 69.00 | 79.00 | OK |
Version: 0.1.1
Check: DESCRIPTION meta-information
Result: NOTE
Missing dependency on R >= 4.1.0 because package code uses the pipe
|> or function shorthand \(...) syntax added in R 4.1.0.
File(s) using such syntax:
‘compare_benchmark_event.R’ ‘compare_benchmark_time.R’
Flavors: r-devel-linux-x86_64-debian-clang, r-devel-linux-x86_64-debian-gcc, r-devel-linux-x86_64-fedora-clang, r-devel-linux-x86_64-fedora-gcc, r-devel-windows-x86_64, r-patched-linux-x86_64, r-release-linux-x86_64, r-release-macos-arm64, r-release-macos-x86_64, r-release-windows-x86_64