Last updated on 2025-04-28 13:53:06 CEST.
Flavor | Version | Tinstall | Tcheck | Ttotal | Status | Flags |
---|---|---|---|---|---|---|
r-devel-linux-x86_64-debian-clang | 1.3.2 | 6.76 | 71.83 | 78.59 | OK | |
r-devel-linux-x86_64-debian-gcc | 1.3.2 | 5.90 | 50.64 | 56.54 | NOTE | |
r-devel-linux-x86_64-fedora-clang | 1.3.2 | 128.16 | OK | |||
r-devel-linux-x86_64-fedora-gcc | 1.3.2 | 119.20 | OK | |||
r-devel-windows-x86_64 | 1.3.2 | 8.00 | 83.00 | 91.00 | OK | |
r-patched-linux-x86_64 | 1.3.2 | 8.22 | 71.17 | 79.39 | OK | |
r-release-linux-x86_64 | 1.3.2 | 7.92 | 68.02 | 75.94 | OK | |
r-release-macos-arm64 | 1.3.2 | 37.00 | OK | |||
r-release-macos-x86_64 | 1.3.2 | 75.00 | OK | |||
r-release-windows-x86_64 | 1.3.2 | 9.00 | 83.00 | 92.00 | OK | |
r-oldrel-macos-arm64 | 1.3.2 | 34.00 | OK | |||
r-oldrel-macos-x86_64 | 1.3.2 | 52.00 | OK | |||
r-oldrel-windows-x86_64 | 1.3.2 | 11.00 | 103.00 | 114.00 | OK |
Version: 1.3.2
Check: CRAN incoming feasibility
Result: NOTE
Maintainer: ‘Jon Barry <jon.barry@cefas.co.uk>’
No Authors@R field in DESCRIPTION.
Please add one, modifying
Authors@R: c(person(given = "Jon",
family = "Barry",
role = c("aut", "cre"),
email = "jon.barry@cefas.co.uk"),
person(given = "David",
family = "Maxwell",
role = "aut"))
as necessary.
Found the following \keyword or \concept entries
which likely give several index terms:
File ‘emon-package.Rd’:
\keyword{power, ecological surveys, video surveys, [TRUNCATED]
Flavor: r-devel-linux-x86_64-debian-gcc