CRAN Package Check Results for Package control

Last updated on 2025-04-28 13:53:04 CEST.

Flavor Version Tinstall Tcheck Ttotal Status Flags
r-devel-linux-x86_64-debian-clang 0.2.5 4.63 43.11 47.74 OK
r-devel-linux-x86_64-debian-gcc 0.2.5 3.40 31.59 34.99 NOTE
r-devel-linux-x86_64-fedora-clang 0.2.5 76.37 OK
r-devel-linux-x86_64-fedora-gcc 0.2.5 72.77 OK
r-devel-windows-x86_64 0.2.5 6.00 74.00 80.00 OK
r-patched-linux-x86_64 0.2.5 5.24 41.38 46.62 OK
r-release-linux-x86_64 0.2.5 4.76 41.20 45.96 OK
r-release-macos-arm64 0.2.5 26.00 OK
r-release-macos-x86_64 0.2.5 47.00 OK
r-release-windows-x86_64 0.2.5 7.00 73.00 80.00 OK
r-oldrel-macos-arm64 0.2.5 24.00 NOTE
r-oldrel-macos-x86_64 0.2.5 41.00 NOTE
r-oldrel-windows-x86_64 0.2.5 8.00 84.00 92.00 NOTE

Check Details

Version: 0.2.5
Check: CRAN incoming feasibility
Result: NOTE Maintainer: ‘Ben C. Ubah <ubah.ben22@gmail.com>’ No Authors@R field in DESCRIPTION. Please add one, modifying Authors@R: person(given = c("Ben", "C."), family = "Ubah", role = c("aut", "cre"), email = "ubah.ben22@gmail.com") as necessary. Flavor: r-devel-linux-x86_64-debian-gcc

Version: 0.2.5
Check: LazyData
Result: NOTE 'LazyData' is specified without a 'data' directory Flavors: r-oldrel-macos-arm64, r-oldrel-macos-x86_64, r-oldrel-windows-x86_64