Last updated on 2025-04-28 13:53:04 CEST.
Flavor | Version | Tinstall | Tcheck | Ttotal | Status | Flags |
---|---|---|---|---|---|---|
r-devel-linux-x86_64-debian-clang | 1.3.1 | 1.80 | 24.91 | 26.71 | OK | |
r-devel-linux-x86_64-debian-gcc | 1.3.1 | 1.54 | 20.79 | 22.33 | NOTE | |
r-devel-linux-x86_64-fedora-clang | 1.3.1 | 42.44 | OK | |||
r-devel-linux-x86_64-fedora-gcc | 1.3.1 | 53.74 | OK | |||
r-devel-windows-x86_64 | 1.3.1 | 4.00 | 46.00 | 50.00 | OK | |
r-patched-linux-x86_64 | 1.3.1 | 1.94 | 24.72 | 26.66 | OK | |
r-release-linux-x86_64 | 1.3.1 | 1.85 | 24.81 | 26.66 | OK | |
r-release-macos-arm64 | 1.3.1 | 23.00 | OK | |||
r-release-macos-x86_64 | 1.3.1 | 42.00 | OK | |||
r-release-windows-x86_64 | 1.3.1 | 3.00 | 45.00 | 48.00 | OK | |
r-oldrel-macos-arm64 | 1.3.1 | 26.00 | OK | |||
r-oldrel-macos-x86_64 | 1.3.1 | 32.00 | OK | |||
r-oldrel-windows-x86_64 | 1.3.1 | 3.00 | 50.00 | 53.00 | OK |
Version: 1.3.1
Check: CRAN incoming feasibility
Result: NOTE
Maintainer: ‘Damiano Fantini <damiano.fantini@gmail.com>’
No Authors@R field in DESCRIPTION.
Please add one, modifying
Authors@R: person(given = "Damiano",
family = "Fantini",
role = c("aut", "cre"),
email = "damiano.fantini@gmail.com")
as necessary.
File 'R/colorhcplot-internal.R' sets .Random.seed.
This is usually neither needed nor wanted.
Flavor: r-devel-linux-x86_64-debian-gcc