CRAN Package Check Results for Package amt

Last updated on 2025-04-28 13:53:01 CEST.

Flavor Version Tinstall Tcheck Ttotal Status Flags
r-devel-linux-x86_64-debian-clang 0.2.2.0 18.54 370.16 388.70 OK
r-devel-linux-x86_64-debian-gcc 0.2.2.0 13.50 251.64 265.14 NOTE
r-devel-linux-x86_64-fedora-clang 0.2.2.0 593.68 OK
r-devel-linux-x86_64-fedora-gcc 0.2.2.0 616.74 OK
r-devel-windows-x86_64 0.2.2.0 21.00 344.00 365.00 OK
r-patched-linux-x86_64 0.2.2.0 19.99 355.33 375.32 OK
r-release-linux-x86_64 0.2.2.0 17.55 352.31 369.86 OK
r-release-macos-arm64 0.2.2.0 5.00 ERROR
r-release-macos-x86_64 0.2.2.0 372.00 OK
r-release-windows-x86_64 0.2.2.0 21.00 346.00 367.00 OK
r-oldrel-macos-arm64 0.2.2.0 163.00 OK
r-oldrel-macos-x86_64 0.2.2.0 273.00 OK
r-oldrel-windows-x86_64 0.2.2.0 27.00 459.00 486.00 OK

Check Details

Version: 0.2.2.0
Check: examples
Result: NOTE Examples with CPU (user + system) or elapsed time > 5s user system elapsed extract_covariates 4.522 0.533 6.215 Flavor: r-devel-linux-x86_64-debian-gcc

Version: 0.2.2.0
Check: package dependencies
Result: ERROR Package required but not available: ‘ctmm’ See section ‘The DESCRIPTION file’ in the ‘Writing R Extensions’ manual. Flavor: r-release-macos-arm64