Last updated on 2025-04-28 13:53:25 CEST.
Flavor | Version | Tinstall | Tcheck | Ttotal | Status | Flags |
---|---|---|---|---|---|---|
r-devel-linux-x86_64-debian-clang | 0.1.2 | 4.58 | 47.09 | 51.67 | OK | |
r-devel-linux-x86_64-debian-gcc | 0.1.2 | 3.15 | 36.55 | 39.70 | NOTE | |
r-devel-linux-x86_64-fedora-clang | 0.1.2 | 84.02 | OK | |||
r-devel-linux-x86_64-fedora-gcc | 0.1.2 | 77.70 | OK | |||
r-devel-windows-x86_64 | 0.1.2 | 6.00 | 65.00 | 71.00 | OK | |
r-patched-linux-x86_64 | 0.1.2 | 5.47 | 47.92 | 53.39 | OK | |
r-release-linux-x86_64 | 0.1.2 | 5.24 | 48.77 | 54.01 | OK | |
r-release-macos-arm64 | 0.1.2 | 27.00 | OK | |||
r-release-macos-x86_64 | 0.1.2 | 41.00 | OK | |||
r-release-windows-x86_64 | 0.1.2 | 8.00 | 63.00 | 71.00 | OK | |
r-oldrel-macos-arm64 | 0.1.2 | 31.00 | OK | |||
r-oldrel-macos-x86_64 | 0.1.2 | 46.00 | OK | |||
r-oldrel-windows-x86_64 | 0.1.2 | 9.00 | 74.00 | 83.00 | OK |
Version: 0.1.2
Check: examples
Result: NOTE
Examples with CPU (user + system) or elapsed time > 5s
user system elapsed
TailClassifier 5.184 0.129 7.46
Flavor: r-devel-linux-x86_64-debian-gcc