Last updated on 2025-10-08 17:50:01 CEST.
Flavor | Version | Tinstall | Tcheck | Ttotal | Status | Flags |
---|---|---|---|---|---|---|
r-devel-linux-x86_64-debian-clang | 0.7.0 | 2.36 | 69.89 | 72.25 | OK | |
r-devel-linux-x86_64-debian-gcc | 0.7.0 | 1.70 | 50.12 | 51.82 | OK | |
r-devel-linux-x86_64-fedora-clang | 0.7.0 | 106.99 | OK | |||
r-devel-linux-x86_64-fedora-gcc | 0.7.0 | 113.43 | OK | |||
r-devel-windows-x86_64 | 0.7.0 | 5.00 | 248.00 | 253.00 | OK | |
r-patched-linux-x86_64 | 0.7.0 | 2.45 | 66.13 | 68.58 | OK | |
r-release-linux-x86_64 | 0.7.0 | 2.19 | 66.45 | 68.64 | OK | |
r-release-macos-arm64 | 0.7.0 | 532.00 | OK | |||
r-release-macos-x86_64 | 0.7.0 | 292.00 | OK | |||
r-release-windows-x86_64 | 0.7.0 | 5.00 | 361.00 | 366.00 | OK | |
r-oldrel-macos-arm64 | 0.7.0 | 354.00 | NOTE | |||
r-oldrel-macos-x86_64 | 0.7.0 | 614.00 | NOTE | |||
r-oldrel-windows-x86_64 | 0.7.0 | 7.00 | 913.00 | 920.00 | ERROR |
Version: 0.7.0
Check: installed package size
Result: NOTE
installed size is 5.1Mb
sub-directories of 1Mb or more:
doc 4.4Mb
Flavors: r-oldrel-macos-arm64, r-oldrel-macos-x86_64, r-oldrel-windows-x86_64
Version: 0.7.0
Check: examples
Result: ERROR
Running examples in 'StreamCatTools-Ex.R' failed
The error most likely occurred in:
> ### Name: sc_fullname
> ### Title: Lookup Full Metric Name
> ### Aliases: sc_fullname
>
> ### ** Examples
>
> fullname <- sc_fullname(metric='clay')
Warning in open.connection(con, "rb") :
URL 'https://api.epa.gov/StreamCat/streams/datadictionary': Timeout of 60 seconds was reached
Error in open.connection(con, "rb") :
cannot open the connection to 'https://api.epa.gov/StreamCat/streams/datadictionary'
Calls: sc_fullname ... parse_and_simplify -> parseJSON -> parse_con -> open -> open.connection
Execution halted
Flavor: r-oldrel-windows-x86_64
Version: 0.7.0
Check: tests
Result: ERROR
Running 'testthat.R' [573s]
Running the tests in 'tests/testthat.R' failed.
Complete output:
> library(testthat)
> library(StreamCatTools)
>
> test_check("StreamCatTools")
[ FAIL 5 | WARN 5 | SKIP 0 | PASS 62 ]
══ Failed tests ════════════════════════════════════════════════════════════════
── Error ('test-lc_get_params.R:31:3'): lc_get_params for name parameters ──────
Error in `open.connection(con, "rb")`: cannot open the connection to 'https://api.epa.gov/StreamCat/lakes/metrics'
Backtrace:
▆
1. └─StreamCatTools::lc_get_params(param = "metric_names") at test-lc_get_params.R:31:3
2. └─jsonlite::fromJSON("https://api.epa.gov/StreamCat/lakes/metrics")
3. └─jsonlite:::parse_and_simplify(...)
4. └─jsonlite:::parseJSON(txt, bigint_as_char)
5. └─jsonlite:::parse_con(txt, bigint_as_char)
6. ├─base::open(con, "rb")
7. └─base::open.connection(con, "rb")
── Error ('test-lc_get_params.R:37:3'): lc_get_params for state parameters ─────
Error in `open.connection(con, "rb")`: cannot open the connection to 'https://api.epa.gov/StreamCat/lakes/metrics'
Backtrace:
▆
1. └─StreamCatTools::lc_get_params(param = "state") at test-lc_get_params.R:37:3
2. └─jsonlite::fromJSON("https://api.epa.gov/StreamCat/lakes/metrics")
3. └─jsonlite:::parse_and_simplify(...)
4. └─jsonlite:::parseJSON(txt, bigint_as_char)
5. └─jsonlite:::parse_con(txt, bigint_as_char)
6. ├─base::open(con, "rb")
7. └─base::open.connection(con, "rb")
── Error ('test-lc_getdata.R:14:13'): lc_get_data for a county and ws metrics returns a data frame ──
Error in `open.connection(con, "rb")`: cannot open the connection to 'https://api.epa.gov/StreamCat/streams/metrics'
Backtrace:
▆
1. └─StreamCatTools::lc_get_data(...) at test-lc_getdata.R:14:13
2. └─StreamCatTools::sc_get_params(param = "metric_names")
3. └─jsonlite::fromJSON("https://api.epa.gov/StreamCat/streams/metrics")
4. └─jsonlite:::parse_and_simplify(...)
5. └─jsonlite:::parseJSON(txt, bigint_as_char)
6. └─jsonlite:::parse_con(txt, bigint_as_char)
7. ├─base::open(con, "rb")
8. └─base::open.connection(con, "rb")
── Error ('test-sc_getdata.R:20:3'): sc_get_data for showAreaSqKm and showPctFull returns a data frame ──
Error in `open.connection(con, "rb")`: cannot open the connection to 'https://api.epa.gov/StreamCat/streams/metrics'
Backtrace:
▆
1. └─StreamCatTools::sc_get_data(...) at test-sc_getdata.R:20:3
2. └─StreamCatTools::sc_get_params(param = "metric_names")
3. └─jsonlite::fromJSON("https://api.epa.gov/StreamCat/streams/metrics")
4. └─jsonlite:::parse_and_simplify(...)
5. └─jsonlite:::parseJSON(txt, bigint_as_char)
6. └─jsonlite:::parse_con(txt, bigint_as_char)
7. ├─base::open(con, "rb")
8. └─base::open.connection(con, "rb")
── Error ('test-sc_nlcd.R:5:13'): sc_get_data for a sample COMID returns a data frame ──
Error in `open.connection(con, "rb")`: cannot open the connection to 'https://api.epa.gov/StreamCat/streams/metrics'
Backtrace:
▆
1. └─StreamCatTools::sc_nlcd(year = "2019", aoi = "cat", comid = "179,1337,1337420") at test-sc_nlcd.R:5:13
2. └─StreamCatTools::sc_get_data(...)
3. └─StreamCatTools::sc_get_params(param = "metric_names")
4. └─jsonlite::fromJSON("https://api.epa.gov/StreamCat/streams/metrics")
5. └─jsonlite:::parse_and_simplify(...)
6. └─jsonlite:::parseJSON(txt, bigint_as_char)
7. └─jsonlite:::parse_con(txt, bigint_as_char)
8. ├─base::open(con, "rb")
9. └─base::open.connection(con, "rb")
[ FAIL 5 | WARN 5 | SKIP 0 | PASS 62 ]
Error: Test failures
Execution halted
Flavor: r-oldrel-windows-x86_64
Version: 0.7.0
Check: re-building of vignette outputs
Result: ERROR
Error(s) in re-building vignettes:
--- re-building 'Applications.Rmd' using rmarkdown
Quitting from Applications.Rmd:59-86 [nars]
~~~~~~~~~~~~~~~~~~~~~~~~~~~~~~~~~~~~~~~~~~~~~~~~~~~~~~~~~~~~~~~~~~~~~~~~~~~~~~~~
<error/rlang_error>
Error in `open.connection()`:
! cannot open the connection to 'https://api.epa.gov/StreamCat/streams/metrics'
---
Backtrace:
▆
1. └─StreamCatTools::sc_get_data(...)
2. └─StreamCatTools::sc_get_params(param = "metric_names")
3. └─jsonlite::fromJSON("https://api.epa.gov/StreamCat/streams/metrics")
4. └─jsonlite:::parse_and_simplify(...)
5. └─jsonlite:::parseJSON(txt, bigint_as_char)
6. └─jsonlite:::parse_con(txt, bigint_as_char)
7. ├─base::open(con, "rb")
8. └─base::open.connection(con, "rb")
~~~~~~~~~~~~~~~~~~~~~~~~~~~~~~~~~~~~~~~~~~~~~~~~~~~~~~~~~~~~~~~~~~~~~~~~~~~~~~~~
Error: processing vignette 'Applications.Rmd' failed with diagnostics:
cannot open the connection to 'https://api.epa.gov/StreamCat/streams/metrics'
--- failed re-building 'Applications.Rmd'
--- re-building 'Introduction.Rmd' using rmarkdown
Quitting from Introduction.Rmd:53-60 [params]
~~~~~~~~~~~~~~~~~~~~~~~~~~~~~~~~~~~~~~~~~~~~~~~~~~~~~~~~~~~~~~~~~~~~~~~~~~~~~~~~
<error/rlang_error>
Error in `open.connection()`:
! cannot open the connection to 'https://api.epa.gov/StreamCat/streams/metrics'
---
Backtrace:
▆
1. └─StreamCatTools::sc_get_params(param = "metric_names")
2. └─jsonlite::fromJSON("https://api.epa.gov/StreamCat/streams/metrics")
3. └─jsonlite:::parse_and_simplify(...)
4. └─jsonlite:::parseJSON(txt, bigint_as_char)
5. └─jsonlite:::parse_con(txt, bigint_as_char)
6. ├─base::open(con, "rb")
7. └─base::open.connection(con, "rb")
~~~~~~~~~~~~~~~~~~~~~~~~~~~~~~~~~~~~~~~~~~~~~~~~~~~~~~~~~~~~~~~~~~~~~~~~~~~~~~~~
Error: processing vignette 'Introduction.Rmd' failed with diagnostics:
cannot open the connection to 'https://api.epa.gov/StreamCat/streams/metrics'
--- failed re-building 'Introduction.Rmd'
--- re-building 'LakeCat.Rmd' using rmarkdown
Quitting from LakeCat.Rmd:59-63 [fullnames]
~~~~~~~~~~~~~~~~~~~~~~~~~~~~~~~~~~~~~~~~~~~~~~~~~~~~~~~~~~~~~~~~~~~~~~~~~~~~~~~~
<error/rlang_error>
Error in `open.connection()`:
! cannot open the connection to 'https://api.epa.gov/StreamCat/lakes/datadictionary'
---
Backtrace:
▆
1. └─StreamCatTools::lc_fullname(metric)
2. └─jsonlite::fromJSON("https://api.epa.gov/StreamCat/lakes/datadictionary")
3. └─jsonlite:::parse_and_simplify(...)
4. └─jsonlite:::parseJSON(txt, bigint_as_char)
5. └─jsonlite:::parse_con(txt, bigint_as_char)
6. ├─base::open(con, "rb")
7. └─base::open.connection(con, "rb")
~~~~~~~~~~~~~~~~~~~~~~~~~~~~~~~~~~~~~~~~~~~~~~~~~~~~~~~~~~~~~~~~~~~~~~~~~~~~~~~~
Error: processing vignette 'LakeCat.Rmd' failed with diagnostics:
cannot open the connection to 'https://api.epa.gov/StreamCat/lakes/datadictionary'
--- failed re-building 'LakeCat.Rmd'
SUMMARY: processing the following files failed:
'Applications.Rmd' 'Introduction.Rmd' 'LakeCat.Rmd'
Error: Vignette re-building failed.
Execution halted
Flavor: r-oldrel-windows-x86_64