Last updated on 2025-04-28 13:53:23 CEST.
Flavor | Version | Tinstall | Tcheck | Ttotal | Status | Flags |
---|---|---|---|---|---|---|
r-devel-linux-x86_64-debian-clang | 3.6 | 8.83 | 79.69 | 88.52 | OK | |
r-devel-linux-x86_64-debian-gcc | 3.6 | 6.68 | 59.43 | 66.11 | NOTE | |
r-devel-linux-x86_64-fedora-clang | 3.6 | 143.09 | OK | |||
r-devel-linux-x86_64-fedora-gcc | 3.6 | 143.74 | OK | |||
r-devel-windows-x86_64 | 3.6 | 10.00 | 96.00 | 106.00 | OK | |
r-patched-linux-x86_64 | 3.6 | 8.99 | 78.36 | 87.35 | OK | |
r-release-linux-x86_64 | 3.6 | 9.28 | 78.40 | 87.68 | OK | |
r-release-macos-arm64 | 3.6 | 43.00 | OK | |||
r-release-macos-x86_64 | 3.6 | 81.00 | OK | |||
r-release-windows-x86_64 | 3.6 | 10.00 | 96.00 | 106.00 | OK | |
r-oldrel-macos-arm64 | 3.6 | 46.00 | OK | |||
r-oldrel-macos-x86_64 | 3.6 | 86.00 | OK | |||
r-oldrel-windows-x86_64 | 3.6 | 13.00 | 119.00 | 132.00 | OK |
Version: 3.6
Check: examples
Result: NOTE
Examples with CPU (user + system) or elapsed time > 5s
user system elapsed
SimCiDiff 3.824 0.03 5.109
Flavor: r-devel-linux-x86_64-debian-gcc