Last updated on 2025-10-08 17:50:00 CEST.
Flavor | Version | Tinstall | Tcheck | Ttotal | Status | Flags |
---|---|---|---|---|---|---|
r-devel-linux-x86_64-debian-clang | 1.1.1 | 34.84 | 32.27 | 67.11 | WARN | |
r-devel-linux-x86_64-debian-gcc | 1.1.1 | 23.96 | 24.46 | 48.42 | WARN | |
r-devel-linux-x86_64-fedora-clang | 1.1.1 | 122.79 | NOTE | |||
r-devel-linux-x86_64-fedora-gcc | 1.1.1 | 107.68 | NOTE | |||
r-devel-windows-x86_64 | 1.1.1 | 39.00 | 71.00 | 110.00 | NOTE | |
r-patched-linux-x86_64 | 1.1.1 | 33.17 | 30.08 | 63.25 | NOTE | |
r-release-linux-x86_64 | 1.1.1 | 34.00 | 30.06 | 64.06 | NOTE | |
r-release-macos-arm64 | 1.1.1 | 38.00 | NOTE | |||
r-release-macos-x86_64 | 1.1.1 | 61.00 | NOTE | |||
r-release-windows-x86_64 | 1.1.1 | 38.00 | 73.00 | 111.00 | NOTE | |
r-oldrel-macos-arm64 | 1.1.1 | 38.00 | NOTE | |||
r-oldrel-macos-x86_64 | 1.1.1 | 48.00 | NOTE | |||
r-oldrel-windows-x86_64 | 1.1.1 | 45.00 | 81.00 | 126.00 | NOTE |
Version: 1.1.1
Check: whether package can be installed
Result: WARN
Found the following significant warnings:
/home/hornik/tmp/R.check/r-devel-clang/Work/build/Packages/RcppArmadillo/include/RcppArmadillo/version/arma.h:66:17: warning: Using fallback compilation with Armadillo 14.6.3. Please consider defining -DARMA_USE_CURRENT and also removing C++11 compilation directive. See GitHub issue #475 for more. [-W#pragma-messages]
See ‘/home/hornik/tmp/R.check/r-devel-clang/Work/PKGS/SMME.Rcheck/00install.out’ for details.
* used C++ compiler: ‘Debian clang version 19.1.7 (7)’
Flavor: r-devel-linux-x86_64-debian-clang
Version: 1.1.1
Check: C++ specification
Result: NOTE
Specified C++11: please drop specification unless essential
Flavors: r-devel-linux-x86_64-debian-clang, r-devel-linux-x86_64-debian-gcc, r-devel-linux-x86_64-fedora-clang, r-devel-linux-x86_64-fedora-gcc, r-devel-windows-x86_64, r-patched-linux-x86_64, r-release-linux-x86_64, r-release-macos-arm64, r-release-macos-x86_64, r-release-windows-x86_64, r-oldrel-macos-arm64, r-oldrel-macos-x86_64, r-oldrel-windows-x86_64
Version: 1.1.1
Check: whether package can be installed
Result: WARN
Found the following significant warnings:
/home/hornik/tmp/R.check/r-devel-gcc/Work/build/Packages/RcppArmadillo/include/RcppArmadillo/version/arma.h:66:199: note: ‘#pragma message: Using fallback compilation with Armadillo 14.6.3. Please consider defining -DARMA_USE_CURRENT and also removing C++11 compilation directive. See GitHub issue #475 for more.’
See ‘/home/hornik/tmp/R.check/r-devel-gcc/Work/PKGS/SMME.Rcheck/00install.out’ for details.
* used C++ compiler: ‘g++-15 (Debian 15.2.0-4) 15.2.0’
Flavor: r-devel-linux-x86_64-debian-gcc