CRAN Package Check Results for Package RcppMsgPack

Last updated on 2025-10-08 17:49:56 CEST.

Flavor Version Tinstall Tcheck Ttotal Status Flags
r-devel-linux-x86_64-debian-clang 0.2.4 28.68 69.75 98.43 OK
r-devel-linux-x86_64-debian-gcc 0.2.4 20.00 48.68 68.68 OK
r-devel-linux-x86_64-fedora-clang 0.2.4 170.79 OK
r-devel-linux-x86_64-fedora-gcc 0.2.4 184.71 OK
r-devel-windows-x86_64 0.2.4 53.00 113.00 166.00 OK
r-patched-linux-x86_64 0.2.4 31.09 65.03 96.12 OK
r-release-linux-x86_64 0.2.4 29.66 64.80 94.46 OK
r-release-macos-arm64 0.2.4 61.00 OK
r-release-macos-x86_64 0.2.4 138.00 OK
r-release-windows-x86_64 0.2.4 58.00 117.00 175.00 OK
r-oldrel-macos-arm64 0.2.4 61.00 NOTE
r-oldrel-macos-x86_64 0.2.4 122.00 NOTE
r-oldrel-windows-x86_64 0.2.4 62.00 140.00 202.00 NOTE

Check Details

Version: 0.2.4
Check: installed package size
Result: NOTE installed size is 9.8Mb sub-directories of 1Mb or more: include 6.7Mb libs 2.7Mb Flavors: r-oldrel-macos-arm64, r-oldrel-macos-x86_64, r-oldrel-windows-x86_64