Last updated on 2025-10-08 17:49:56 CEST.
Flavor | Version | Tinstall | Tcheck | Ttotal | Status | Flags |
---|---|---|---|---|---|---|
r-devel-linux-x86_64-debian-clang | 1.0.0 | 5.70 | 78.60 | 84.30 | NOTE | |
r-devel-linux-x86_64-debian-gcc | 1.0.0 | 3.22 | 53.99 | 57.21 | NOTE | |
r-devel-linux-x86_64-fedora-clang | 1.0.0 | 160.30 | OK | |||
r-devel-linux-x86_64-fedora-gcc | 1.0.0 | 145.95 | OK | |||
r-devel-windows-x86_64 | 1.0.0 | 7.00 | 102.00 | 109.00 | OK | |
r-patched-linux-x86_64 | 1.0.0 | 8.76 | 72.73 | 81.49 | OK | |
r-release-linux-x86_64 | 1.0.0 | 4.51 | 73.39 | 77.90 | OK | |
r-release-macos-arm64 | 1.0.0 | 45.00 | OK | |||
r-release-macos-x86_64 | 1.0.0 | 79.00 | OK | |||
r-release-windows-x86_64 | 1.0.0 | 9.00 | 103.00 | 112.00 | OK | |
r-oldrel-macos-arm64 | 1.0.0 | 52.00 | OK | |||
r-oldrel-macos-x86_64 | 1.0.0 | 80.00 | OK | |||
r-oldrel-windows-x86_64 | 1.0.0 | 10.00 | 126.00 | 136.00 | OK |
Version: 1.0.0
Check: CRAN incoming feasibility
Result: NOTE
Maintainer: ‘Steven Sanderson <spsanderson@gmail.com>’
Found the following (possibly) invalid URLs:
URL: https://lifecycle.r-lib.org/articles/stages.html##experimental
From: README.md
Message: Invalid URL: '#' not allowed in fragment
Flavors: r-devel-linux-x86_64-debian-clang, r-devel-linux-x86_64-debian-gcc