Last updated on 2025-10-06 10:50:08 CEST.
Flavor | Version | Tinstall | Tcheck | Ttotal | Status | Flags |
---|---|---|---|---|---|---|
r-devel-linux-x86_64-debian-clang | 0.1.1 | 6.42 | 85.07 | 91.49 | NOTE | |
r-devel-linux-x86_64-debian-gcc | 0.1.1 | 5.64 | 59.34 | 64.98 | NOTE | |
r-devel-linux-x86_64-fedora-clang | 0.1.1 | 154.87 | OK | |||
r-devel-linux-x86_64-fedora-gcc | 0.1.1 | 151.55 | OK | |||
r-devel-windows-x86_64 | 0.1.1 | 9.00 | 90.00 | 99.00 | OK | |
r-patched-linux-x86_64 | 0.1.1 | 7.63 | 79.97 | 87.60 | OK | |
r-release-linux-x86_64 | 0.1.1 | 7.23 | 81.73 | 88.96 | OK | |
r-release-macos-arm64 | 0.1.1 | 43.00 | OK | |||
r-release-macos-x86_64 | 0.1.1 | 82.00 | OK | |||
r-release-windows-x86_64 | 0.1.1 | 9.00 | 90.00 | 99.00 | OK | |
r-oldrel-macos-arm64 | 0.1.1 | 43.00 | OK | |||
r-oldrel-macos-x86_64 | 0.1.1 | 66.00 | OK | |||
r-oldrel-windows-x86_64 | 0.1.1 | 13.00 | 109.00 | 122.00 | OK |
Version: 0.1.1
Check: CRAN incoming feasibility
Result: NOTE
Maintainer: ‘Takahiko Koizumi <takahiko.koizumi@riken.jp>’
No Authors@R field in DESCRIPTION.
Please add one, modifying
Authors@R: c(person(given = "Takahiko",
family = "Koizumi",
role = c("aut", "cre"),
email = "takahiko.koizumi@riken.jp"),
person(given = "Kenta",
family = "Suzuki",
role = "aut"),
person(given = "Yasunori",
family = "Ichihashi",
role = "aut"))
as necessary.
Flavors: r-devel-linux-x86_64-debian-clang, r-devel-linux-x86_64-debian-gcc