Last updated on 2025-10-08 17:49:52 CEST.
Flavor | Version | Tinstall | Tcheck | Ttotal | Status | Flags |
---|---|---|---|---|---|---|
r-devel-linux-x86_64-debian-clang | 0.5.0 | 14.81 | 113.62 | 128.43 | NOTE | |
r-devel-linux-x86_64-debian-gcc | 0.5.0 | 9.61 | 80.61 | 90.22 | NOTE | |
r-devel-linux-x86_64-fedora-clang | 0.5.0 | 203.91 | OK | |||
r-devel-linux-x86_64-fedora-gcc | 0.5.0 | 186.42 | OK | |||
r-devel-windows-x86_64 | 0.5.0 | 18.00 | 119.00 | 137.00 | OK | |
r-patched-linux-x86_64 | 0.5.0 | 14.79 | 106.70 | 121.49 | OK | |
r-release-linux-x86_64 | 0.5.0 | 12.84 | 107.90 | 120.74 | OK | |
r-release-macos-arm64 | 0.5.0 | 73.00 | OK | |||
r-release-macos-x86_64 | 0.5.0 | 89.00 | OK | |||
r-release-windows-x86_64 | 0.5.0 | 16.00 | 118.00 | 134.00 | OK | |
r-oldrel-macos-arm64 | 0.5.0 | 49.00 | OK | |||
r-oldrel-macos-x86_64 | 0.5.0 | 68.00 | OK | |||
r-oldrel-windows-x86_64 | 0.5.0 | 23.00 | 147.00 | 170.00 | OK |
Version: 0.5.0
Check: CRAN incoming feasibility
Result: NOTE
Maintainer: ‘Burak Guris <bguris@istanbul.edu.tr>’
No Authors@R field in DESCRIPTION.
Please add one, modifying
Authors@R: person(given = "Burak",
family = "Guris",
role = c("aut", "cre"),
email = "bguris@istanbul.edu.tr")
as necessary.
Flavors: r-devel-linux-x86_64-debian-clang, r-devel-linux-x86_64-debian-gcc