Last updated on 2025-10-08 17:49:52 CEST.
Flavor | Version | Tinstall | Tcheck | Ttotal | Status | Flags |
---|---|---|---|---|---|---|
r-devel-linux-x86_64-debian-clang | 1.1 | 9.88 | 96.48 | 106.36 | NOTE | |
r-devel-linux-x86_64-debian-gcc | 1.1 | 6.37 | 68.36 | 74.73 | NOTE | |
r-devel-linux-x86_64-fedora-clang | 1.1 | 169.42 | OK | |||
r-devel-linux-x86_64-fedora-gcc | 1.1 | 155.68 | OK | |||
r-devel-windows-x86_64 | 1.1 | 12.00 | 94.00 | 106.00 | OK | |
r-patched-linux-x86_64 | 1.1 | 9.41 | 90.66 | 100.07 | OK | |
r-release-linux-x86_64 | 1.1 | 8.60 | 90.90 | 99.50 | OK | |
r-release-macos-arm64 | 1.1 | 38.00 | OK | |||
r-release-macos-x86_64 | 1.1 | 69.00 | OK | |||
r-release-windows-x86_64 | 1.1 | 11.00 | 95.00 | 106.00 | OK | |
r-oldrel-macos-arm64 | 1.1 | 36.00 | OK | |||
r-oldrel-macos-x86_64 | 1.1 | 59.00 | OK | |||
r-oldrel-windows-x86_64 | 1.1 | 15.00 | 121.00 | 136.00 | OK |
Version: 1.1
Check: CRAN incoming feasibility
Result: NOTE
Maintainer: ‘Yikai Wang <johnzon.wyk@gmail.com>’
No Authors@R field in DESCRIPTION.
Please add one, modifying
Authors@R: c(person(given = "Yikai",
family = "Wang",
role = c("aut", "cre"),
email = "johnzon.wyk@gmail.com"),
person(given = "Xiao",
family = "Wang",
role = "aut"))
as necessary.
Flavors: r-devel-linux-x86_64-debian-clang, r-devel-linux-x86_64-debian-gcc