CRAN Package Check Results for Package Frames2

Last updated on 2025-04-28 13:53:08 CEST.

Flavor Version Tinstall Tcheck Ttotal Status Flags
r-devel-linux-x86_64-debian-clang 0.2.1 21.82 106.20 128.02 OK
r-devel-linux-x86_64-debian-gcc 0.2.1 13.26 69.51 82.77 NOTE
r-devel-linux-x86_64-fedora-clang 0.2.1 200.78 OK
r-devel-linux-x86_64-fedora-gcc 0.2.1 211.67 OK
r-devel-windows-x86_64 0.2.1 19.00 131.00 150.00 OK
r-patched-linux-x86_64 0.2.1 21.68 99.60 121.28 OK
r-release-linux-x86_64 0.2.1 19.41 100.72 120.13 OK
r-release-macos-arm64 0.2.1 53.00 OK
r-release-macos-x86_64 0.2.1 111.00 OK
r-release-windows-x86_64 0.2.1 18.00 136.00 154.00 OK
r-oldrel-macos-arm64 0.2.1 51.00 OK
r-oldrel-macos-x86_64 0.2.1 98.00 OK
r-oldrel-windows-x86_64 0.2.1 17.00 151.00 168.00 OK

Check Details

Version: 0.2.1
Check: CRAN incoming feasibility
Result: NOTE Maintainer: ‘David Molina <dmolinam@ugr.es>’ No Authors@R field in DESCRIPTION. Please add one, modifying Authors@R: c(person(given = "Antonio", family = "Arcos", role = "aut", email = "arcos@ugr.es"), person(given = c("Maria", "del", "Mar"), family = "Rueda", role = "aut", email = "mrueda@ugr.es"), person(given = c("Maria", "Giovanna"), family = "Ranalli", role = "aut", email = "giovanna.ranalli@stat.unipg.it"), person(given = "David", family = "Molina", role = c("aut", "cre"), email = "dmolinam@ugr.es")) as necessary. Flavor: r-devel-linux-x86_64-debian-gcc