Last updated on 2025-10-08 17:49:43 CEST.
Flavor | Version | Tinstall | Tcheck | Ttotal | Status | Flags |
---|---|---|---|---|---|---|
r-devel-linux-x86_64-debian-clang | 0.3.0 | 2.83 | 44.46 | 47.29 | NOTE | |
r-devel-linux-x86_64-debian-gcc | 0.3.0 | 2.06 | 30.55 | 32.61 | NOTE | |
r-devel-linux-x86_64-fedora-clang | 0.3.0 | 70.21 | OK | |||
r-devel-linux-x86_64-fedora-gcc | 0.3.0 | 66.81 | OK | |||
r-devel-windows-x86_64 | 0.3.0 | 4.00 | 59.00 | 63.00 | OK | |
r-patched-linux-x86_64 | 0.3.0 | 2.85 | 41.16 | 44.01 | OK | |
r-release-linux-x86_64 | 0.3.0 | 2.83 | 40.69 | 43.52 | OK | |
r-release-macos-arm64 | 0.3.0 | 25.00 | OK | |||
r-release-macos-x86_64 | 0.3.0 | 41.00 | OK | |||
r-release-windows-x86_64 | 0.3.0 | 5.00 | 60.00 | 65.00 | OK | |
r-oldrel-macos-arm64 | 0.3.0 | 21.00 | NOTE | |||
r-oldrel-macos-x86_64 | 0.3.0 | 33.00 | NOTE | |||
r-oldrel-windows-x86_64 | 0.3.0 | 5.00 | 72.00 | 77.00 | NOTE |
Version: 0.3.0
Check: CRAN incoming feasibility
Result: NOTE
Maintainer: ‘Luis Garcia <lpfgarcia@icmc.usp.br>’
No Authors@R field in DESCRIPTION.
Please add one, modifying
Authors@R: c(person(given = "Luis",
family = "Garcia",
role = c("aut", "cre"),
email = "lpfgarcia@icmc.usp.br"),
person(given = "Ana",
family = "Lorena",
role = c("aut", "ctb")))
as necessary.
Flavors: r-devel-linux-x86_64-debian-clang, r-devel-linux-x86_64-debian-gcc
Version: 0.3.0
Check: LazyData
Result: NOTE
'LazyData' is specified without a 'data' directory
Flavors: r-oldrel-macos-arm64, r-oldrel-macos-x86_64, r-oldrel-windows-x86_64