Last updated on 2025-04-28 13:53:04 CEST.
Flavor | Version | Tinstall | Tcheck | Ttotal | Status | Flags |
---|---|---|---|---|---|---|
r-devel-linux-x86_64-debian-clang | 1.3.8 | 20.04 | 110.46 | 130.50 | OK | |
r-devel-linux-x86_64-debian-gcc | 1.3.8 | 14.21 | 81.48 | 95.69 | NOTE | |
r-devel-linux-x86_64-fedora-clang | 1.3.8 | 196.37 | OK | |||
r-devel-linux-x86_64-fedora-gcc | 1.3.8 | 187.10 | OK | |||
r-devel-windows-x86_64 | 1.3.8 | 23.00 | 115.00 | 138.00 | OK | |
r-patched-linux-x86_64 | 1.3.8 | 19.95 | 105.83 | 125.78 | OK | |
r-release-linux-x86_64 | 1.3.8 | 19.01 | 105.65 | 124.66 | OK | |
r-release-macos-arm64 | 1.3.8 | 57.00 | OK | |||
r-release-macos-x86_64 | 1.3.8 | 126.00 | OK | |||
r-release-windows-x86_64 | 1.3.8 | 22.00 | 109.00 | 131.00 | OK | |
r-oldrel-macos-arm64 | 1.3.8 | 56.00 | OK | |||
r-oldrel-macos-x86_64 | 1.3.8 | 112.00 | OK | |||
r-oldrel-windows-x86_64 | 1.3.8 | 30.00 | 148.00 | 178.00 | OK |
Version: 1.3.8
Check: CRAN incoming feasibility
Result: NOTE
Maintainer: ‘Angelo Mazza <a.mazza@unict.it>’
No Authors@R field in DESCRIPTION.
Please add one, modifying
Authors@R: c(person(given = "Antonio",
family = "Punzo",
role = "aut"),
person(given = "Angelo",
family = "Mazza",
role = c("aut", "cre"),
email = "a.mazza@unict.it"),
person(given = c("Paul", "D."),
family = "McNicholas",
role = "aut"))
as necessary.
Flavor: r-devel-linux-x86_64-debian-gcc