Last updated on 2025-10-06 10:49:52 CEST.
Flavor | Version | Tinstall | Tcheck | Ttotal | Status | Flags |
---|---|---|---|---|---|---|
r-devel-linux-x86_64-debian-clang | 2.1.0 | 8.81 | 123.24 | 132.05 | OK | |
r-devel-linux-x86_64-debian-gcc | 2.1.0 | 5.93 | 98.25 | 104.18 | OK | |
r-devel-linux-x86_64-fedora-clang | 2.1.0 | 199.67 | OK | |||
r-devel-linux-x86_64-fedora-gcc | 2.1.0 | 210.38 | OK | |||
r-devel-windows-x86_64 | 2.1.0 | 16.00 | 147.00 | 163.00 | OK | |
r-patched-linux-x86_64 | 2.1.0 | 10.17 | 115.10 | 125.27 | OK | |
r-release-linux-x86_64 | 2.1.0 | 7.82 | 118.02 | 125.84 | OK | |
r-release-macos-arm64 | 2.1.0 | 67.00 | OK | |||
r-release-macos-x86_64 | 2.1.0 | 248.00 | OK | |||
r-release-windows-x86_64 | 2.1.0 | 13.00 | 132.00 | 145.00 | OK | |
r-oldrel-macos-arm64 | 2.0 | 70.00 | NOTE | |||
r-oldrel-macos-x86_64 | 2.1.0 | 273.00 | NOTE | |||
r-oldrel-windows-x86_64 | 2.1.0 | 16.00 | 171.00 | 187.00 | NOTE |
Version: 2.0
Check: package dependencies
Result: NOTE
Package suggested but not available for checking: ‘ArchaeoData’
Flavor: r-oldrel-macos-arm64
Version: 2.1.0
Check: package dependencies
Result: NOTE
Package suggested but not available for checking: ‘ArchaeoData’
Flavors: r-oldrel-macos-x86_64, r-oldrel-windows-x86_64